1
Suppose -8*z = -6*z - 2, -4*z + 4 = -4*w. Suppose w = 4*j - 3*c - 10, -2*j = -5*c - 0 + 2. Let i(r) = 2*r**2 - 6*r + 2. Give i(j).
10
Let a = 10 + -7. Let c be -6 - 52/65*-10. Let b(u) = 4 + u**c + 2*u + 2 - a. Determine b(-3).
6
Let h(n) be the second derivative of 10*n - 1/2*n**3 + 0 + 5*n**2. Give h(-8).
34
Let m(z) = -z**2 - 4*z - 7. Let u(r) = r + 1. Let a(t) = -m(t) - u(t). Let x be 848/(-112) + (1/(-3))/((-175)/(-225)). What is a(x)?
46
Let p(k) = -2*k + 5. Let w = -176 - -173. Let c(q) = q - 4. Let m(i) = w*p(i) - 4*c(i). Determine m(-13).
-25
Suppose 0 = 18*f - 24*f - 264. Let g = f + 39. Let i(s) = 2*s + 1. Determine i(g).
-9
Let l(v) = -v - 4. Let r be (224/24)/(-14) + 11/3. Suppose -10 = -r*o - 31. Calculate l(o).
3
Let x(b) = b - 3. Let n(o) = o**2 - 3*o - 6. Let t be n(5). Let r be -3*(10/(-3) + t). Let k be (0/(-2 + 4))/(4/r). Calculate x(k).
-3
Let j(o) = o + 18. Let z be j(15). Suppose 3*b - z = -4*y - 17, 0 = -2*y + 4*b - 14. Let d(v) = 4*v + 2. What is d(y)?
6
Let n(c) = 10*c - 219. Let y be (-350)/(-10) + -7 + 13/(78/(-36)). Calculate n(y).
1
Let i be 28/42 + (-40)/6 - 1. Let w(t) = -4*t**2 - 11*t - 10. Let s(y) = -11*y**2 - 32*y - 30. Let o(h) = 3*s(h) - 8*w(h). Calculate o(i).
-3
Let z(q) = 22*q - 313. Let c(j) = -j + 17. Let l(a) = -6*c(a) - z(a). What is l(13)?
3
Suppose -m - 22 = -2*m + 3*g, 0 = 5*g + 25. Let y(v) = -2 - 2 - 3 + v**2 + m*v + 11. Let t be 369/(-54) + -3 + 85/30. What is y(t)?
4
Let o(s) = 2*s**3 + 2*s**2 - s. Let q be o(1). Let u(x) = x**2 + x + 1. Let c(i) = i**3 + 14*i**2 + 5*i + 16. Let y(w) = q*u(w) - c(w). What is y(-11)?
9
Let u(l) = l + 7. Let t = 412 + -385. Suppose 4*b + 2*o = -0*o + 20, -5*b = -3*o - 25. Suppose 0 = -b*j - 3 - t. What is u(j)?
1
Let z be 4/(-2) - (-86 - 3). Let u = z - 13. Let q = u + -66. Let a(i) = i - 7. Give a(q).
1
Let z(l) = -33*l + 237. Suppose 2*b - 9 = -3*n, 9 = -4*n + 4*b + 61. Determine z(n).
6
Let y(h) be the second derivative of 10*h**3/3 - 373*h**2/2 - h + 154. Calculate y(19).
7
Let g = 11532 - 11540. Let h(k) = k**3 + 7*k**2 - 7*k - 13. Calculate h(g).
-21
Let b(t) = -t - 6. Let p be 63 + -1 + -50 + 46. Suppose 16*s + p + 150 = 0. Give b(s).
7
Let u(y) = y**2 + y - 1. Let a be u(1). Let j(p) = -8*p**2 + 2*p. Let b(h) = -h. Let q(d) = -3*b(d) - j(d). Give q(a).
9
Let f(n) be the second derivative of n**6/360 - n**5/30 + n**4/3 + n**3/3 - 23*n**2 - 6*n - 3. Let z(i) be the second derivative of f(i). What is z(6)?
20
Let w(r) be the second derivative of r**5/5 - r**4/4 + r**3/2 - r**2/2 - 1705*r. Calculate w(1).
3
Let x(y) = y**3 + 4*y**2 - 16*y + 19. Let v(m) = 156*m + 929. Let a be v(-6). What is x(a)?
-16
Suppose -7*p + 20 = -3*p. Suppose p*n = -5, -3*o - n = -6*n - 20. Let x(i) = -i**3 + 4*i**2 + 5*i. Give x(o).
0
Let z(o) = o**2 + 1. Let y = 405 - 401. Let w(k) = 5*k**2 - 14*k + 23. Let m(l) = y*z(l) - w(l). Determine m(13).
-6
Let a(c) = c**3 + 4*c**2 - c - 5. Let l be (74/(-6))/(2*(-8)/336). Let s = l + -263. Determine a(s).
-1
Suppose 0 = -3*a + 4*d, -16*a + 21*a - d + 17 = 0. Let y(l) = -4*l**2 + 3*l + 6. Calculate y(a).
-70
Let f(s) = -3*s + 24. Let u be f(10). Let a(g) = -69 + 5*g + 60 + 3*g - 2*g - 7*g. Calculate a(u).
-3
Let g be -10 - (-5 + 10/5). Let a(x) = -x + 3. Determine a(g).
10
Let y = 7179 - 7175. Let p(h) = -2*h**2 + 17*h - 58. Give p(y).
-22
Let o(f) be the second derivative of -2*f**2 - 2 - 1/6*f**3 + 23*f. Give o(-3).
-1
Suppose 46 = 3*o - 4*p - p, -4*p + 8 = 4*o. Suppose -o*b = -b - 6. Let t(d) = 6*d. Give t(b).
6
Let z(s) = -2*s**2 - 5*s - 2. Let o be (-1)/(-2*(-2)/(-4)). Let y(v) = -13*v + 9. Let c be y(o). Determine z(c).
-14
Let d(s) = -25*s + 3*s - 4 + s**2 + 5*s - 39 + 11*s. Calculate d(10).
-3
Let m(r) = r**2 - 57*r - 1168. Let o be m(-16). Let x(h) = h**3 + h**2 + 57. Calculate x(o).
57
Let w(p) be the first derivative of -p**2/2 + 15*p + 11. Suppose -18*k = 7*k - 250. Let q = k - 1. Determine w(q).
6
Let k(m) = -95*m - 4365. Let v be k(-46). Let h = 10 - 8. Let c(p) = -p**h + 3*p - p + 7 + p. Calculate c(v).
-3
Let m(y) = -2*y + 1. Let j(t) = t**3 - 7*t**2 + 3*t + 21. Let s be j(6). Determine m(s).
-5
Suppose 2*i + 55 = 3*d, 4*d + 5*i - 50 = -d. Let b(w) = 7 + 11*w + 12*w + d*w - 36*w. Calculate b(0).
7
Let x(f) = f**2 + 3*f - 4. Let n be -4*((-2)/(-12))/(2/(-6)). Suppose -n*l - 10 = 2*u, 38*l = 40*l + 4. What is x(u)?
-4
Let t(i) = 14*i + 131. Let y be t(-9). Let c(b) = -b**2 + 9*b - 10. Give c(y).
10
Suppose 0*f = -2*f + 10. Suppose -f*o + 28 = -p - 45, -4*o + 5*p + 71 = 0. Let v be (o/4)/(3/6). Let r(u) = -u + 5. Determine r(v).
-2
Let d(j) = j**2 - 6*j - 21. Suppose -4*n = -2*r + 38, 12*r - 2*n = 17*r - 35. Calculate d(r).
6
Let k(b) = 203*b**3 + 2*b**2 - 2*b + 1. Suppose 5*a = -40, -3*v - 29 = 49*a - 45*a. Determine k(v).
204
Let t = -520 - -517. Let c(a) = a**3 + 9*a**2 + 3*a + 1. Calculate c(t).
46
Let l(q) = -29*q**2 + 9*q + 35. Let v(z) = 25*z**2 - 9*z - 32. Let f(c) = -6*l(c) - 7*v(c). Calculate f(10).
4
Let g(m) = 307*m - 8. Let h(b) = -553*b + 16. Let y(p) = -9*g(p) - 5*h(p). Let k(n) = n**2 + 7*n. Let w be k(-7). Give y(w).
-8
Let q(g) = -g**2 + 25*g - 34. Let y(s) = 3*s**3 - 30*s**2 + s + 13. Let d be y(10). Give q(d).
12
Let h(n) = -2*n**2 - 24*n - 1. Let m = 10446 + -10458. What is h(m)?
-1
Let x(w) = -217*w + 521*w + 44 + 7*w**2 - 126*w - 119*w - 215*w. What is x(22)?
0
Let k(n) = -3*n**3 + n**2 - n + 2. Let b(z) = -37*z**3 + 4*z**2 + 2*z + 1. Let r(y) = b(y) - 4*k(y). Give r(1).
-26
Let m(r) = 13*r**3 + 8*r**2 - 3*r - 6. Let f(v) = 2*v**3 + v**2 - 1. Let k(a) = 6*f(a) - m(a). Calculate k(-3).
0
Let j(y) be the third derivative of -1/12*y**5 - 4/3*y**3 + 0*y - 1/120*y**6 + 1/4*y**4 - y**2 - 121. Calculate j(-6).
-8
Let o be 8 + 10/(30/(-21)). Suppose -2*w = o - 15. Let z(c) be the second derivative of c**5/20 - 2*c**4/3 + c**3 - 2*c**2 + c. Calculate z(w).
-11
Let a(g) = g**2 + 14*g + 34. Suppose 51 = -5*d + 2*l, 17*l - 20*l - 39 = 3*d. Determine a(d).
1
Suppose -50*r - 390 = -53*r. Suppose -8*h + r = -13*h. Let j = h - -30. Let z(a) = a - 5. Determine z(j).
-1
Let l be ((-18)/(-12))/((-6)/(-8)). Suppose -5*o = -5*g, g - 1 = l*g. Let p(w) be the second derivative of 5*w**4/12 - w**2/2 + 138*w. Calculate p(o).
4
Let b(m) = 3*m + 24 + 44 + 3 + 17 - 58. Give b(-4).
18
Let n(a) be the first derivative of -15*a**2/2 - 112*a + 2416. Calculate n(-7).
-7
Let d(m) = -9 + 26 - 3 - 12 - m + 0*m. Let c be ((-4)/(-10))/(3/(-30)). What is d(c)?
6
Let p(x) = -4*x**3 + x**2 - 4*x - 2. Suppose 10*h - 78 = 20*h + 29*h. Give p(h).
42
Let q = -339 + 345. Suppose 0 = 4*y - q*y - 5*t + 15, t + 19 = 4*y. Let u(x) = 6*x - 11. Give u(y).
19
Let c(z) = -z**2 - z. Let p(g) = -7*g + 4. Let r(b) = -5*b - 79. Let o be r(-16). Let q(d) = o*p(d) - c(d). Calculate q(3).
-5
Let w = -295 + 299. Suppose -4*j = w*h - 24, h - 19 - 17 = -4*j. Let q(m) = m**2 - 8*m - 22. Give q(j).
-2
Let a(w) = -8 - 35*w**3 + 122*w**3 - 45*w**3 - 37*w**3 - 9*w - 4*w**2 + 22*w. Calculate a(1).
6
Let p(o) = -36*o**2 - 9*o - 59. Let q(w) = 14*w**2 + 4*w + 29. Let b(h) = -2*p(h) - 5*q(h). Calculate b(-3).
-3
Let q(h) = h**3 - 5*h + 2. Suppose -162 = 116*k - 114*k. Let c = k + 77. Let x be (0 - c/2)/((-2)/(-3)). Give q(x).
14
Let d be (-66 - -70) + -1*7. Let u(m) = -5*m**3 + 6*m - 4. Let q(j) = -j**3 + j**2 + j - 1. Let p(w) = -3*q(w) + u(w). Calculate p(d).
17
Suppose 0 = 6*b - 3*b + 5*o + 14, 3*o + 22 = 5*b. Let v(w) = 6*w**b - w**3 - 8*w - 6*w**2 - 11 + 20 - 8 - 6*w**2. Give v(-4).
1
Let r(f) = -4*f - 2*f + 1 - 3. Suppose 0 = -17*b + 6*b + 22. Let s be b + (10 - 2)/2 + -4. Determine r(s).
-14
Let g(j) = 5*j. Let r = 108 - 109. Let y(l) = -l + 1. Suppose o + 5*w + 16 = 0, 2*o - 3*w - 3 = 4. Let q(x) = o*g(x) + r*y(x). Determine q(1).
-5
Let f(p) = -2*p**3 + 4*p**2 - p - 36. Let c(m) = m**3 - m**2 + m + 5. Let b(d) = -3*c(d) - f(d). Calculate b(0).
21
Let k(p) be the first derivative of -p**3/3 - 2*p**2 + 34*p + 25. Let o(i) be the first derivative of k(i). Determine o(-7).
10
Let o(m) = -14 - 3*m + 41 + 3 - 12 - 6. What is o(-5)?
27
Let a(g) = g**2. Let y(m) = m**2 - 1. Let s(v) = -5*a(v) - y(v). Suppose -260*z + 81 - 466 = -125. Give s(z).
-5
Suppose 0 = 51*z - 54*z + 84. Suppose 238*q - z = 224*q. Let k(d) = -d**2 - 7*d - 4. Let r(x) = -x - 1. Let p(u) = -k(u) 